-17
Let b(w) = -5*w - 8. Determine b(-2).
2
Let d(f) = f**3 + 12*f**2 - 46*f - 18. Determine d(-15).
-3
Let n(i) = i**3 + 2*i**2 + 4. Give n(-6).
-140
Let h(r) = r**3 - 6*r**2 + 9*r. Determine h(3).
0
Let g(s) = s**2 - 25*s + 165. Calculate g(9).
21
Let c(q) = -3*q**2 - 13*q + 31. What is c(2)?
-7
Let w(i) = i**3 + 13*i**2 - 14. Determine w(-13).
-14
Let a(i) = -10*i**2 + 26*i. Calculate a(3).
-12
Let j(n) = -n**2 - 3*n + 10. Calculate j(6).
-44
Let s(y) = y**3 - 8*y**2 - 20*y + 8. Give s(10).
8
Let f(d) = d**3 - 24*d**2 + 21*d + 33. Determine f(23).
-13
Let t(j) = -j**3 - 11*j**2 - 33*j - 7. Calculate t(-4).
13
Let d(n) = -n**2 - 10*n - 2. Give d(-6).
22
Let x(a) = 2*a**3 - 35*a**2 + 26*a - 151. Give x(17).
2
Let h(c) = -c**3 + 13*c**2 + 2*c - 20. Calculate h(13).
6
Let q(f) = f**2 + 5*f - 5. Give q(-5).
-5
Let x(w) = -2*w**2 - 3*w + 4. What is x(1)?
-1
Let a(b) = b**2 - 11*b + 2. Determine a(10).
-8
Let f(t) = 18*t**3 + 2*t**2 - t. Calculate f(1).
19
Let a(b) = 6*b + 8. Determine a(-8).
-40
Let w(q) = q**2 + 3*q - 2. What is w(-4)?
2
Let x(y) = -y**3 + 10*y**2 - 7*y - 20. Calculate x(9).
-2
Let p(w) = -51*w - 45. What is p(-1)?
6
Let b(c) = c**3 + 9*c**2 + 8*c - 10. Calculate b(-8).
-10
Let q(j) = -j**3 + 2*j**2 + 2*j - 41. What is q(0)?
-41
Let z(t) = -t**2 - t + 1. Determine z(0).
1
Let b(w) = w**3 - 10*w**2 - 2*w + 24. What is b(10)?
4
Let n(f) = -f**3 - 10*f**2 - 8*f + 6. Determine n(-9).
-3
Let i(p) = p - 13. Calculate i(14).
1
Let v(y) = -y**3 - 12*y**2 + 32*y + 28. Calculate v(-14).
-28
Let j(g) = -g**3 - 10*g**2 - 10*g - 3. Determine j(-9).
6
Let t(x) = 21*x - 4. What is t(-1)?
-25
Let d(c) = -7*c + 6. Calculate d(10).
-64
Let c(m) = -2*m**2 + 15*m - 6. Determine c(7).
1
Let y(c) = 5*c + 274. Give y(-43).
59
Let a(o) = -4*o**2 + 8*o - 2. Give a(3).
-14
Let n(s) = -68*s. Determine n(-1).
68
Let h(n) = -20*n - 3. What is h(4)?
-83
Let b(m) = -22*m**2 + m - 1. What is b(1)?
-22
Let n(f) = f**2 - 25*f - 149. Give n(-5).
1
Let k(r) = -r**2 - 9*r - 23. Give k(-6).
-5
Let k(j) = j**3 + 2*j**2 + 2*j + 52. Determine k(0).
52
Let h(b) = -b**3 - 9*b**2 - b - 5. Determine h(-9).
4
Let a(g) = -4*g**3 - 3*g - 2. Give a(3).
-119
Let s(a) = -a**2 - 6*a + 33. Give s(0).
33
Let s(f) = -f**3 + f**2 + f - 2. Give s(0).
-2
Let h(v) = -v**2 + 93*v - 463. Give h(5).
-23
Let i(r) = 52*r - 930. Give i(18).
6
Let k(g) = -g + 4. What is k(-8)?
12
Let n(i) = -i + 7. Calculate n(-9).
16
Let c(u) = -u**3 - 7*u**2 + 13*u + 11. Give c(-8).
-29
Let f(g) = 6*g**3 + 3*g**2 + 3*g. Calculate f(-2).
-42
Let a(k) = -10*k + 14. What is a(-5)?
64
Let j(n) = n**3 + 16*n**2 - 15*n + 29. What is j(-17)?
-5
Let c(p) = -758*p - 2270. Give c(-3).
4
Let p(b) = 3*b**3 - 8*b - 9. Determine p(-2).
-17
Let w(s) = -29*s**2 - 3. Determine w(1).
-32
Let q(y) = -65*y. Determine q(1).
-65
Let t(l) = l**2 - 1. What is t(0)?
-1
Let q(s) = -s**2 + 6*s + 16. Give q(-4).
-24
Let o(k) = 34*k + 107. Give o(-3).
5
Let l(p) = -33*p**2 + 2*p + 1. What is l(-1)?
-34
Let p(h) = 20*h + 22. What is p(-5)?
-78
Let d(b) = 2*b**2 + 45*b - 19. Calculate d(-23).
4
Let q(y) = -y**2 + 10*y + 10. Determine q(11).
-1
Let s(w) = w**2 - 20*w + 22. Determine s(16).
-42
Let f(u) = u**2 + 12*u + 24. What is f(-3)?
-3
Let a(m) = 2*m**3 + 2*m**2 - 9*m + 8. Determine a(2).
14
Let t(p) = p**3 - 9*p**2 - 12*p + 19. What is t(10)?
-1
Let c(j) = j**3 - 2*j**2 - 12*j + 6. Give c(5).
21
Let k(a) = 2*a**3 - 2*a - 5. Determine k(2).
7
Let z(v) = -v**3 + 2*v - 37. What is z(0)?
-37
Let m(r) = -r**3 + 3*r**2 - r - 1. Calculate m(3).
-4
Let v(k) = k**3 - 9*k**2 + 4*k + 20. Give v(7).
-50
Let h(x) = -5*x**3 + 2*x**2 + 4*x + 2. Determine h(-2).
42
Let w(u) = u**3 + 6*u**2 - 4*u - 2. Calculate w(-5).
43
Let b(n) = -n**2 + 36. Give b(-5).
11
Let k(a) = a + 19. What is k(-13)?
6
Let q(g) = g**2 + 21*g - 40. What is q(-19)?
-78
Let g(b) = 9*b. What is g(3)?
27
Let v(f) = 2*f**2 + 3*f + 2. Calculate v(-5).
37
Let m(d) = 4*d**2 - 19*d + 5. What is m(5)?
10
Let a(y) = y**3 - 4*y**2 + 9*y - 23. Calculate a(3).
-5
Let b(n) = 35*n + 239. What is b(-7)?
-6
Let f(s) = 7*s**3 + s**2 + 5*s + 4. Give f(-1).
-7
Let j(r) = 33*r**2 - 3*r + 2. Determine j(1).
32
Let t(o) = 2*o**2 - 10*o + 14. Determine t(5).
14
Let y(j) = -j**2 + 9*j + 49. Determine y(13).
-3
Let f(p) = -3*p**2 + 9*p + 5. What is f(3)?
5
Let y(j) = -j**2 - 29*j - 9. Give y(-24).
111
Let c(z) = -z + 10. Give c(6).
4
Let o(y) = -8*y**2 + y + 2. Determine o(0).
2
Let z(f) = -7*f + 13. What is z(2)?
-1
Let k(p) = -p**3 - 17*p**2 + 10*p - 56. What is k(-18)?
88
Let g(i) = -i**2 - 16*i + 306. Determine g(-27).
9
Let i(b) = -4*b - 17. Give i(-6).
7
Let h(j) = 5*j - 4. What is h(-14)?
-74
Let q(l) = 10*l**3 + l**2 + 2*l + 1. What is q(-1)?
-10
Let b(q) = -q**2 + 24*q - 26. Give b(25).
-51
Let l(c) = c - 5. What is l(-1)?
-6
Let n(v) = v**3 + 7*v**2 - 18*v + 5. Calculate n(-9).
5
Let n(x) = -x**3 + 8*x**2 + 7*x + 7. Give n(9).
-11
Let n(j) = -4*j - 10. What is n(-6)?
14
Let v(b) = 5*b - 6. Calculate v(-9).
-51
Let g(c) = 32*c + 262. Determine g(-8).
6
Let c(o) = 30*o**2 + o. What is c(-1)?
29
Let b(k) = 3*k - 16. Calculate b(8).
8
Let j(u) = -11*u**3 + 2*u**2 - u + 1. What is j(1)?
-9
Let z(u) = -2*u**3 - 4*u**2 - 2*u + 1. What is z(-2)?
5
Let q(f) = -f**3 - 42*f**2 + 184*f - 2. Determine q(-46).
-2
Let s(q) = -q**3 - 9*q**2 - 3*q + 9. Determine s(-9).
36
Let v(p) = -2*p. Give v(-10).
20
Let j(v) = -v + 31. Determine j(-6).
37
Let r(a) = -5*a - 6. Determine r(0).
-6
Let g(y) = -y**3 - y**2 + 12*y - 1. Determine g(-4).
-1
Let g(l) = 4*l + 5. Determine g(-2).
-3
Let k(z) = -3*z - 21. Determine k(-7).
0
Let w(k) = k**2 - 16*k - 41. Give w(17).
-24
Let z(a) = -a + 6. Give z(2).
4
Let x(b) = b**3 - 4*b**2 + b + 2. Calculate x(-4).
-130
Let b(s) = s**3 + 13*s**2 - 16*s - 2. Give b(-14).
26
Let w(q) = -12*q + 265. Determine w(19).
37
Let q(u) = -4*u**2 - 5*u - 1. Give q(-3).
-22
Let v(t) = -406*t - 3246. Give v(-8).
2
Let g(s) = s**2 - 15*s + 38. Determine g(13).
12
Let v(y) = y**3 - 9*y**2 + 9*y - 1. Give v(7).
-36
Let u(x) = -x**3 - 3*x**2 - 13*x - 28. Give u(-3).
11
Let f(z) = -z**2 - 8*z + 1. Determine f(-5).
16
Let l(i) = i**2 + 7*i + 2. Determine l(-5).
-8
Let g(v) = v**3 - 38*v**2 - 77*v - 130. Determine g(40).
-10
Let f(v) = v**2 - 2*v + 1. Calculate f(-7).
64
Let p(t) = -t**3 + 6*t**2 + t - 5. Calculate p(5).
25
Let w(j) = 3*j - 15. What is w(5)?
0
Let i(w) = -2*w - 41. Determine i(-28).
15
Let i(j) = 30*j. Determine i(-1).
-30
Let w(x) = x**3 - 11*x**2 + 24*x + 2. What is w(8)?
2
Let z(y) = -y + 7. Determine z(5).
2
Let h(s) = -2*s**3 - 15*s**2 - 12*s - 21. What is h(-7)?
14
Let j(z) = 2*z + 26. Determine j(-14).
-2
Let j(x) = -3*x**2 + 2*x - 3. What is j(2)?
-11
Let w(m) = -4*m**3. Give w(1).
-4
Let h(y) = -y**3 + 8*y**2 + 3*y - 10. Give h(8).
14
Let d(w) = -5*w**2 - w - 1. Determine d(-2).
-19
Let s(w) = -10*w - 27. Calculate s(-4).
13
Let f(g) = -5*g + 23. What is f(5)?
-2
Let u(w) = -w**3 + 15*w**2 - w + 14. What is u(15)?
-1
Let c(x) = x**3 - 7*x**2 + 7*x - 2. Calculate c(6).
4
Let v(l) = 3*l**2 + 6*l + 2. Calculate v(-2).
2
Let z(n) = 2*n + 20. Give z(-10).
0
Let n(s) = -s**3 - 31*s**2 + 71*s + 166. Give n(-33).
1
Let s(c) = c**3 - 7*c**2 - 9*c + 97. What is s(6)?
7
Let q(g) = -2*g**3 + 9*g**2 - 4*g + 7. Calculate q(4).
7
Let i(p) = -p**3 - 3*p**2 - p. Determine i(-2).
-2
Let g(h) = 3*h - 8. Determine g(4).
4
Let i(j) = j**3 + 5*j**2 - 10*j + 12. Give i(-7).
-16
Let z(b) = 14*b - 89. Calculate z(6).
-5
Let v(j) = -j**2 + 3*j - 1. Calculate v(0).
-1
Let f(l) = l**2 + 14*l - 2. Calculate f(-16).
30
Let s(t) = -7*t + 231. Determine s(36).
-21
Let r(p) = -p**3 - 9*p**2 - 5*p - 17. Give r(-9).
28
Let r(h) = -14*h + 12. Determine r(3).
-30
Let b(d) = d**3 + 20*d**2 - 23*d - 45. Give b(-21).
-3
Let f(u) = 2*u**3 + u**2. Give f(1).
3
Let k(l) = l**3 + 4*l**2 - 9*l - 9. What is k(-5)?
11
Let y(h) = h**2 - 35*h + 267. Give y(11).
3
Let j(o) = 4*o + 17. Calculate j(-11).
-27
Let t(g) = g**2 - g - 36. Calculate t(0).
-36
Let k(v) = v**3 + 17*v**2 - 37*v + 17. Determine k(-19).
-2
Let q(t) = 2*t**2 + 10*t + 17. Calculate q(-5).
17
Let x(o) = -o**2 - 17*o - 44. What is x(-21)?
-128
Let o(q) = -q**3 - 9*q**2 - 17*q - 49. Give o(-8).
23
Let w(r) = -r**3 + 24*r**2 - 21*r - 31. Give w(23).
15
Let 